 8.
-51755
5242 (base 7) to base 11
1426
What is -110000111 (base 2) in base 6?
-1451
-16b0a (base 12) to base 13
-11b63
Convert 12414 (base 8) to base 16.
150c
-101 (base 7) to base 13
-3b
What is 1152102 (base 6) in base 5?
3431012
What is 3202 (base 4) in base 15?
101
What is 341 (base 7) in base 11?
150
159 (base 14) to base 3
101012
What is 1010101101100000 (base 2) in base 12?
21480
Convert -42737 (base 8) to base 7.
-103102
Convert -2f9 (base 16) to base 11.
-632
-1001001000011 (base 2) to base 5
-122200
What is -1691b (base 12) in base 11?
-223a6
What is -36305 (base 9) in base 6?
-304305
1200102 (base 4) to base 7
23652
What is -1315355 (base 6) in base 5?
-4310003
67d (base 14) to base 9
1680
What is 154 (base 15) in base 16?
130
Convert 2613 (base 7) to base 14.
50a
Convert 246 (base 9) to base 11.
176
Convert 5314 (base 8) to base 7.
11026
Convert 33132230 (base 4) to base 12.
30838
Convert -578b (base 16) to base 13.
-a27c
What is -10021 (base 3) in base 12?
-74
-25760 (base 8) to base 9
-16377
What is 659 (base 14) in base 12?
887
Convert 194bb (base 12) to base 6.
443155
What is 5aa (base 11) in base 7?
2054
Convert -110101101000 (base 2) to base 8.
-6550
What is -3185 (base 12) in base 8?
-12465
What is -349d (base 14) in base 5?
-243110
What is -36550 (base 12) in base 14?
-1ca3a
What is 51537 (base 8) in base 3?
1002021111
What is -123033 (base 6) in base 5?
-323122
Convert -33704 (base 9) to base 10.
-22441
What is 603 (base 9) in base 5?
3424
422352 (base 6) to base 7
201623
Convert -102110101 (base 3) to base 13.
-3a57
What is 384 (base 15) in base 8?
1437
Convert -1105 (base 8) to base 14.
-2d7
What is 2749 (base 10) in base 7?
11005
Convert 8161 (base 10) to base 16.
1fe1
-13414 (base 5) to base 2
-10001010101
-4308 (base 16) to base 3
-212112120
Convert -1470 (base 8) to base 10.
-824
Convert 920 (base 14) to base 3.
2110101
Convert -20414 (base 6) to base 5.
-41441
2001113 (base 4) to base 13
39cb
Convert -1101021 (base 3) to base 7.
-2635
Convert 10330311 (base 4) to base 9.
30730
Convert -212000 (base 3) to base 16.
-26d
Convert -533 (base 12) to base 5.
-11014
What is -1110011111100 (base 2) in base 14?
-29c0
-13132 (base 4) to base 16
-1de
Convert -8a (base 14) to base 13.
-95
Convert 3373 (base 10) to base 4.
310231
Convert -6156 (base 10) to base 13.
-2a57
Convert -85b3 (base 13) to base 8.
-44207
24ca (base 14) to base 8
14462
What is 20022 (base 6) in base 8?
5056
-2110023 (base 5) to base 16
-88c5
What is 1210 (base 13) in base 3?
10111101
What is 35f8 (base 16) in base 9?
20851
What is -32101 (base 4) in base 8?
-1621
Convert 11221 (base 3) to base 8.
205
What is -230 (base 6) in base 3?
-10100
-11366 (base 9) to base 15
-23b3
Convert 2021 (base 6) to base 4.
12331
-4543 (base 8) to base 9
-3260
6102 (base 9) to base 10
4457
-336 (base 15) to base 14
-39c
Convert 11640 (base 14) to base 9.
64132
Convert 22302 (base 4) to base 15.
310
Convert -1202302 (base 4) to base 16.
-18b2
Convert 11193 (base 10) to base 5.
324233
40405 (base 8) to base 3
211211111
What is -2473 (base 11) in base 13?
-1612
What is -1100001001 (base 2) in base 5?
-11102
Convert 12a (base 12) to base 6.
454
What is 96 (base 13) in base 2?
1111011
15e (base 15) to base 4
10322
Convert -1037 (base 9) to base 14.
-3c7
Convert 1011201 (base 3) to base 12.
5b4
305c (base 13) to base 6
50512
What is -43 (base 16) in base 8?
-103
16986 (base 11) to base 2
101110100000010
101101111 (base 2) to base 10
367
125a8 (base 13) to base 10
33938
What is -537 (base 11) in base 13?
-3a8
22131 (base 4) to base 7
1644
What is -6486 (base 10) in base 13?
-2c4c
What is -76d6 (base 14) in base 9?
-31187
-a44 (base 11) to base 9
-1647
15b (base 12) to base 14
115
Convert -1aa (base 12) to base 7.
-541
Convert 2720 (base 8) to base 4.
113100
2132 (base 4) to base 14
b4
What is 4421241 (base 5) in base 12?
382a6
-110 (base 10) to base 9
-132
-45 (base 13) to base 14
-41
What is -121222 (base 3) in base 7?
-1223
Convert 16419 (base 10) to base 4.
10000203
What is 1115 (base 6) in base 14?
14b
-253 (base 6) to base 11
-96
Convert -1227 (base 8) to base 14.
-355
Convert 11010 (base 3) to base 6.
303
-389 (base 14) to base 8
-1305
Convert -11102 (base 4) to base 8.
-522
Convert -49426 (base 10) to base 2.
-1100000100010010
What is 405 (base 14) in base 2?
1100010101
14662 (base 8) to base 11
4a40
221 (base 5) to base 10
61
Convert 202222010 (base 3) to base 15.
47e0
Convert -10227 (base 9) to base 12.
-3aa4
Convert 515 (base 11) to base 15.
2b6
What is 411 (base 14) in base 10?
799
526c (base 14) to base 4
3132000
What is 1017 (base 10) in base 16?
3f9
What is 6b7a (base 12) in base 2?
10111100001110
1212200002 (base 3) to base 8
110112
Convert -baa (base 15) to base 10.
-2635
-13460 (base 12) to base 11
-18a63
What is -38207 (base 9) in base 11?
-1832a
Convert 1122 (base 6) to base 13.
176
What is -3ca (base 16) in base 12?
-68a
What is -131 (base 12) in base 8?
-265
What is -38052 (base 10) in base 6?
-452100
-4131 (base 6) to base 5
-12134
-1b3a (base 15) to base 5
-142110
What is -384 (base 12) in base 15?
-257
-2423 (base 7) to base 16
-383
What is 1020101110 (base 3) in base 8?
57423
What is d73 (base 16) in base 9?
4645
What is -4083 (base 11) in base 4?
-1110213
What is -206 (base 12) in base 10?
-294
Convert -12000210 (base 3) to base 2.
-111001010010
Convert b446 (base 13) to base 9.
37137
443134 (base 5) to base 4
3300323
Convert 18278 (base 9) to base 16.
3152
What is 3045 (base 9) in base 16?
8b4
What is -13a (base 14) in base 3?
-100012
Convert -286 (base 12) to base 3.
-112110
Convert -1400 (base 5) to base 8.
-341
What is -200210 (base 3) in base 8?
-773
Convert 2325 (base 6) to base 14.
2bb
Convert 133144 (base 6) to base 16.
3058
Convert -29006 (base 10) to base 6.
-342142
2729 (base 12) to base 13
207c
22b (base 13) to base 4
11313
-50555 (base 7) to base 5
-343130
7d3 (base 15) to base 2
11011101101
-340 (base 14) to base 7
-1610
Convert -2212301 (base 4) to base 14.
-3c65
-34161 (base 8) to base 15
-4434
What is -7070 (base 8) in base 3?
-11222211
-10ab (base 15) to base 8
-6720
What is 22311 (base 5) in base 7?
4416
-1048 (base 9) to base 16
-305
What is 1086 (base 16) in base 3?
12210200
Convert 1168a (base 11) to base 14.
619a
Convert -1001101100 (base 2) to base 9.
-758
What is -32031 (base 5) in base 3?
-2221022
-9518 (base 12) to base 8
-37644
Convert 21a8 (base 12) to base 7.
13604
Convert 995 (base 12) to base 3.
1221012
Convert 13e (base 16) to base 4.
10332
-11103 (base 4) to base 14
-1a3
What is -136122 (base 7) in base 16?
-6615
What is -1123011 (base 4) in base 15?
-1ad9
What is 9a (base 14) in base 7?
253
-3a1 (base 15) to base 16
-33a
Convert 34403 (base 5) to base 11.
1953
Convert 20230303 (base 4) to base 3.
1210212211
Convert -915 (base 15) to base 4.
-133331
Convert -d0da (base 14) to base 10.
-35864
-1947 (base 14) to base 4
-1013123
What is -1802 (base 14) in base 5?
-114224
Convert 911a (base 12) to base 14.
5a2a
-1021 (base 8) to base 4
-20101
What is 6205 (base 9) in base 14?
1925
Convert 251200 (base 6) to base 11.
15851
102 (base 12) to base 15
9b
What is 1c5b (base 13) in base 12?
25a5
-3322 (base 10) to base 13
-1687
What is -1a14 (base 11) in base 12?
-1590
-212022 (base 3) to base 14
-32d
What is -1112220221 (base 3) in base 15?
-90c7
cb45 (base 13) to base 12
14448
Convert 223020 (base 4) to base 13.
1344
What is 2eb5 (base 16) in base 15?
3822
-22314 (base 7) to base 10
-5646
2a0 (base 12) to base 13
255
-2d (base 16) to base 15
-30
Convert -22221 (base 4) to base 11.
-56a
What is 24858 (base 9) in base 8?
40543
What is -123030 (base 4) in base 13?
-a3b
What is 54375 (base 8) in base 16?
58fd
What is -406b (base 14) in base 12?
-64a7
-54513 (base 7) to base 5
-414012
What is 21211 (base 3) in base 8?
323
What is 2005 (base 6) in base 9?
535
What is -26335 (base 7) in base 4?
-1231321
What is -2177 (base 12) in base 4?
-321223
What is -851 (base 10) in base 13?
-506
-2000002 (base 3) to base 13
-884
What is -12043 (base 6) in base 13?
-a50
-146403 (base 8) to base 3
-2122222211
What is 11526 (base 7) in base 9?
4113
-134 (base 5) to base 4
-230
Convert -1010010110 (base 2) to base 16.
-296
Convert -85 (base 11) to